 when 756 is divided by 444.
312
Calculate the remainder when 13259 is divided by 66.
59
Calculate the remainder when 5208 is divided by 54.
24
What is the remainder when 3709363 is divided by 54?
49
What is the remainder when 161468 is divided by 7339?
10
What is the remainder when 252715 is divided by 658?
43
Calculate the remainder when 8701 is divided by 134.
125
What is the remainder when 56977 is divided by 117?
115
Calculate the remainder when 373377 is divided by 42.
39
Calculate the remainder when 55124 is divided by 551.
24
Calculate the remainder when 596847 is divided by 138.
135
What is the remainder when 7901 is divided by 465?
461
Calculate the remainder when 46593 is divided by 495.
63
What is the remainder when 122438 is divided by 18?
2
Calculate the remainder when 3287 is divided by 42.
11
What is the remainder when 144765 is divided by 1645?
5
What is the remainder when 905 is divided by 210?
65
What is the remainder when 46305 is divided by 661?
35
What is the remainder when 512 is divided by 231?
50
Calculate the remainder when 13175 is divided by 161.
134
Calculate the remainder when 63652 is divided by 1027.
1005
What is the remainder when 2520240 is divided by 315030?
0
Calculate the remainder when 62173 is divided by 232.
229
What is the remainder when 735907 is divided by 93?
91
What is the remainder when 251081 is divided by 2075?
6
Calculate the remainder when 6024 is divided by 49.
46
What is the remainder when 9153 is divided by 352?
1
What is the remainder when 27435 is divided by 182?
135
Calculate the remainder when 3424177 is divided by 190.
187
What is the remainder when 1105210 is divided by 23025?
10
What is the remainder when 16856 is divided by 696?
152
Calculate the remainder when 2510719 is divided by 64.
63
What is the remainder when 2251 is divided by 42?
25
What is the remainder when 772773 is divided by 193190?
13
What is the remainder when 1512772 is divided by 44?
8
What is the remainder when 7435 is divided by 931?
918
What is the remainder when 1752 is divided by 437?
4
What is the remainder when 752 is divided by 167?
84
What is the remainder when 31129 is divided by 7779?
13
What is the remainder when 44371 is divided by 11012?
323
What is the remainder when 8682 is divided by 37?
24
Calculate the remainder when 3504 is divided by 587.
569
Calculate the remainder when 114 is divided by 29.
27
Calculate the remainder when 167604 is divided by 164.
160
Calculate the remainder when 105397 is divided by 33.
28
What is the remainder when 2212 is divided by 35?
7
What is the remainder when 1204791 is divided by 33?
27
What is the remainder when 2548 is divided by 111?
106
Calculate the remainder when 2773 is divided by 553.
8
Calculate the remainder when 4596 is divided by 1025.
496
Calculate the remainder when 16153 is divided by 394.
393
What is the remainder when 38165 is divided by 55?
50
Calculate the remainder when 187793 is divided by 6955.
8
What is the remainder when 6637 is divided by 729?
76
Calculate the remainder when 1267 is divided by 168.
91
Calculate the remainder when 5965 is divided by 313.
18
Calculate the remainder when 111400 is divided by 470.
10
What is the remainder when 3901 is divided by 72?
13
What is the remainder when 14365 is divided by 7160?
45
What is the remainder when 202045 is divided by 39?
25
What is the remainder when 32680 is divided by 519?
502
Calculate the remainder when 699 is divided by 243.
213
Calculate the remainder when 480884 is divided by 160293.
5
Calculate the remainder when 785490 is divided by 133.
125
Calculate the remainder when 18235 is divided by 240.
235
Calculate the remainder when 6823 is divided by 25.
23
Calculate the remainder when 5424 is divided by 25.
24
Calculate the remainder when 1422 is divided by 100.
22
Calculate the remainder when 15798 is divided by 5208.
174
Calculate the remainder when 7186 is divided by 594.
58
What is the remainder when 4112 is divided by 252?
80
What is the remainder when 155339 is divided by 20?
19
Calculate the remainder when 199672 is divided by 39930.
22
Calculate the remainder when 2458 is divided by 2374.
84
Calculate the remainder when 1300531 is divided by 39.
37
What is the remainder when 2058 is divided by 522?
492
Calculate the remainder when 36012 is divided by 41.
14
Calculate the remainder when 41647 is divided by 35.
32
What is the remainder when 34856 is divided by 268?
16
What is the remainder when 109874 is divided by 1121?
16
What is the remainder when 15623 is divided by 652?
627
Calculate the remainder when 2443 is divided by 608.
11
What is the remainder when 38604 is divided by 18?
12
Calculate the remainder when 39694 is divided by 13214.
52
What is the remainder when 2828 is divided by 537?
143
What is the remainder when 26177 is divided by 12982?
213
Calculate the remainder when 684 is divided by 78.
60
Calculate the remainder when 18510 is divided by 2571.
513
Calculate the remainder when 2161378 is divided by 663.
661
Calculate the remainder when 9221 is divided by 1004.
185
Calculate the remainder when 16795 is divided by 16.
11
What is the remainder when 1318 is divided by 329?
2
Calculate the remainder when 20307 is divided by 9261.
1785
What is the remainder when 14712 is divided by 30?
12
Calculate the remainder when 137948 is divided by 24.
20
Calculate the remainder when 132880 is divided by 132866.
14
What is the remainder when 842 is divided by 417?
8
What is the remainder when 269984 is divided by 123?
122
What is the remainder when 1587 is divided by 145?
137
What is the remainder when 8404 is divided by 18?
16
Calculate the remainder when 427569 is divided by 36.
33
Calculate the remainder when 86 is divided by 73.
13
What is the remainder when 1732 is divided by 570?
22
Calculate the remainder when 5391837 is divided by 470.
467
What is the remainder when 19892 is divided by 1657?
8
What is the remainder when 125839 is divided by 25160?
39
What is the remainder when 37006 is divided by 1947?
13
What is the remainder when 3742 is divided by 225?
142
What is the remainder when 653362 is divided by 326676?
10
What is the remainder when 4239 is divided by 1466?
1307
What is the remainder when 554 is divided by 387?
167
Calculate the remainder when 1216 is divided by 237.
31
Calculate the remainder when 2447 is divided by 2432.
15
Calculate the remainder when 32318 is divided by 32309.
9
Calculate the remainder when 9233 is divided by 9221.
12
What is the remainder when 74556 is divided by 33?
9
What is the remainder when 1656731 is divided by 13?
11
What is the remainder when 52298 is divided by 117?
116
Calculate the remainder when 339482 is divided by 357.
332
What is the remainder when 3766 is divided by 180?
166
What is the remainder when 3007 is divided by 366?
79
Calculate the remainder when 69611 is divided by 195.
191
Calculate the remainder when 3283 is divided by 49.
0
What is the remainder when 33894 is divided by 2607?
3
What is the remainder when 2320 is divided by 2145?
175
What is the remainder when 114658 is divided by 819?
817
Calculate the remainder when 11457 is divided by 498.
3
What is the remainder when 34046 is divided by 681?
677
What is the remainder when 26312 is divided by 58?
38
Calculate the remainder when 10613 is divided by 186.
11
Calculate the remainder when 122586 is divided by 598.
594
What is the remainder when 6491 is divided by 34?
31
Calculate the remainder when 790023 is divided by 74.
73
What is the remainder when 193569 is divided by 443?
421
What is the remainder when 294519 is divided by 53?
51
What is the remainder when 21751 is divided by 2513?
1647
What is the remainder when 10836 is divided by 35?
21
What is the remainder when 25024 is divided by 309?
304
What is the remainder when 778889 is divided by 648?
641
Calculate the remainder when 1057680 is divided by 17.
8
What is the remainder when 11055 is divided by 9?
3
Calculate the remainder when 3377 is divided by 421.
9
Calculate the remainder when 13457 is divided by 51.
44
What is the remainder when 173674 is divided by 541?
13
What is the remainder when 403 is divided by 126?
25
Calculate the remainder when 2037 is divided by 1018.
1
Calculate the remainder w